er when u is divided by (40 + -6)/1 - (6 - 9)*-2?
26
Suppose 331*o - 221374 = 53*o - 43176. Calculate the remainder when o is divided by 318.
5
Let n = -3293 - -3336. Calculate the remainder when 1165 is divided by n.
4
Suppose 0*k = -2*k + 3*d - 24, -3*k + 3*d - 33 = 0. Let q be (-3)/k + 620/12. Suppose -q = -2*w - 2*w. What is the remainder when w is divided by 8?
5
Let k(r) = 644*r + 529. Calculate the remainder when k(12) is divided by 236.
233
Let v(g) = 3*g**2 + 35*g - 459. What is the remainder when 307 is divided by v(9)?
10
Let r be 63*(20/(-96) + (-2)/16). Calculate the remainder when (r/(-12))/((18/(-6))/(-300)) is divided by 15.
10
Suppose 5*j - 5*g - 155 = 0, -2*j + 25 = 4*g - 13. Let n(t) = t - 5. Let w be n(7). Calculate the remainder when 29 is divided by 3/w - 1*j/(-2).
14
Let v = -24 + 99. Let s(r) = r**3 - 8*r**2 + 24*r - 16. What is the remainder when v is divided by s(5)?
17
Suppose -94*r = 163*r - 4112. What is the remainder when 17 is divided by r?
1
What is the remainder when ((-443900)/(-150))/((-4)/(-12)) is divided by 120?
118
What is the remainder when 1863 is divided by 36/(-45) + ((-36296)/40)/(-13)?
0
Suppose 289 = 2*n + n + z, -5*z - 417 = -4*n. Calculate the remainder when 4016 is divided by n.
96
Calculate the remainder when 124 is divided by 303/6*6/(18 + -15).
23
Suppose -3*w + 20 = w. Calculate the remainder when (-6 - 2 - -91) + 4 is divided by w.
2
Suppose -68 = -g - 201. Let s = g + 192. What is the remainder when s is divided by 31?
28
Let t(b) = -b + 6. Let l be t(4). Suppose -l*d + 37 = 7. Suppose -715*j - 16 = -731*j. Calculate the remainder when d is divided by j.
0
Let c be (-8 + 17)/(3 - 0). Suppose 4*s + 32 = w + w, 4*s = c*w - 40. Calculate the remainder when 190 is divided by w.
6
Suppose -w + 3*o + 48 = 0, 5*o - 56 - 95 = -2*w. Suppose 2*v + n = -143, 4*n = 4 + 8. Let s = v + 105. What is the remainder when w is divided by s?
31
Let f be 1 - 1 - (-2)/(-1). Suppose -32 = -73*d + 65*d. Calculate the remainder when -3 - (-42 - 2/d*f) is divided by 13.
12
Let k = 10799 + -9974. Calculate the remainder when k is divided by 52.
45
Suppose -13*s + 4321 = 785. Suppose -2*k + s = -2*b - 168, 2*k - 4*b - 434 = 0. Calculate the remainder when k is divided by 32.
31
Let d(h) = -3*h**3 + 9*h**2 - 92*h - 476. What is the remainder when d(-6) is divided by 46?
36
Suppose 70*n + 12831 = 1128*n - 7271. Let d be (-4)/6 - (-14)/3. Suppose -35 = -d*y + 5*h, -6*h = 4*y - h - 85. Calculate the remainder when n is divided by y.
4
Suppose -2*u - 10 = 0, x + 3*u + 5 = -x. Suppose -x = 12*p + 19. Let q = p + 30. Calculate the remainder when 111 is divided by q.
27
Let c = 106 + -87. Suppose -52 = -3*q - c. Suppose 0 = 5*p - 2*a - 133, 0*a = 3*p + 5*a - 86. Calculate the remainder when p is divided by q.
5
Let t(p) = -p**2 - 73*p - 1063. What is the remainder when 675 is divided by t(-49)?
110
Let r(u) = -20*u - 93 + 39 - 136 - 36 - 29. What is the remainder when r(-26) is divided by 19?
18
Suppose -10*d + 7*d = -6. Suppose -d*n - 20 - 14 = 4*r, 2*r - 4*n = -12. Let q(f) = -f**2 - 14*f - 15. What is the remainder when q(r) is divided by 12?
9
Suppose 2*k + 53 + 239 = 0. Let c = -81 - k. What is the remainder when c is divided by 654/30 + 1/5?
21
Let l(k) = -k**2 - 19*k - 50. What is the remainder when 65 is divided by l(-12)?
31
Let j(q) = 4*q**2 - q - 1. Suppose 0 = -4*t + 3*h + 55, 3*h - 2*h = -1. Suppose -t*x + 350 = 22*x. Calculate the remainder when j(-2) is divided by x.
7
Suppose 0 = -7*n + 2333 + 75. What is the remainder when n/3 + (-4)/(-12) - 5 is divided by 18?
2
Suppose -14*c + 28*c - 42 = 0. Suppose -5*k = 5, a + 37 = -c*k + 391. Calculate the remainder when a is divided by 60.
57
Let s(r) = -4*r**3 + 26*r**2 + 4*r + 52. Calculate the remainder when s(6) is divided by 11.
5
Let r(g) = g**2 - 2*g - 6. Let h be r(-3). Suppose 4*z = -3*i + 23, z = -h*i + 4*i + 27. Suppose -23 = -z*p + 25. What is the remainder when 63 is divided by p?
15
Let f = -66 + 103. What is the remainder when f is divided by 1*40*10/20?
17
Let s(b) = -28*b**3 + 2*b. Suppose 0 = 5*w + 2 - 12. Let i be s(w). Let d = 318 + i. Calculate the remainder when d is divided by 17.
13
Suppose 3*q - 5*q + 74 = 0. Let w(x) = 10 - x**3 + 45*x + 4*x**2 + 43*x - 83*x. Calculate the remainder when q is divided by w(5).
7
Let j(k) = -k**3 - 6*k**2 + 4*k + 9. Let t = -5536 - -6073. What is the remainder when t is divided by j(-7)?
27
Let n(v) = -2*v**3 + 2*v**2 + 2*v + 22. Let r = -302 + 302. Calculate the remainder when 41 is divided by n(r).
19
Let c = -73 - -97. Let j = c + -37. Let p = 7 - j. What is the remainder when p is divided by 6?
2
Let b = -273 - -376. Suppose -4*y = 27 - b. What is the remainder when 91 is divided by y?
15
Let d be 404 - 8*6/12. Let a = -386 + d. What is the remainder when a is divided by ((-20)/(-16))/((-2)/(-8))?
4
Let v be 2/(-8) - 0 - (-84)/16. Suppose -23*n + 21*n + v*x = -64, 5*x - 20 = 0. What is the remainder when 81 is divided by n?
39
Let f = 5 + -3. Calculate the remainder when 1*(-3 + f) + 48 is divided by 6/(-14) - 3/(-42)*188.
8
Let r = -933 + 1039. Calculate the remainder when 502 is divided by r.
78
Suppose -112327*h + 108 = -112321*h. Calculate the remainder when 10205 is divided by h.
17
Suppose -76 - 50 = -21*o. Calculate the remainder when 2 - 5/3 - (-382)/o is divided by 24.
16
Suppose -26*g + 62 = 2*g - 190. Calculate the remainder when 1245 is divided by g.
3
Let u = 10 - 14. Let h(a) = 7*a**2 - 4. Calculate the remainder when h(u) is divided by -2 + 2 + 44/1 + -7.
34
What is the remainder when 1254 is divided by 64/280*14*1550/4?
14
Let i = -8953 + 9014. Calculate the remainder when 367 is divided by i.
1
Suppose 7*m + 187 - 672 = 474. Calculate the remainder when 209 is divided by m.
72
Suppose -97*d - 139*d + 622973 = 41*d. Calculate the remainder when d is divided by 24.
17
Suppose -3*u = -4*l - 13 - 15, 3*l = -3*u. Let m(c) = -c**2 - 7*c + 10. Let a be m(-9). Let d = l - a. What is the remainder when 19 is divided by d?
3
Suppose -4*n - 94 = -2*x, -2*x + 0*n - 4*n = -78. Let y = x + 3. Suppose 0 = 79*z + 16*z - 665. Calculate the remainder when y is divided by z.
4
Let k = 3 - 3. Suppose 4*o = 5*h - 10, k = -5*h - 2*o - 2 + 12. Let x(i) = i**3 + 6*i**2 + 560*i + 3367. What is the remainder when x(-6) is divided by h?
1
Suppose 2*h - 7*h + 100 = -3*p, 80 = -4*p - 4*h. Let i = p - -42. Suppose 160 = 4*o + 40. Calculate the remainder when o is divided by i.
13
Let h = -559 - -562. Suppose -3*p + 8*p = -5. Let c = p + 18. Calculate the remainder when c is divided by h.
2
Suppose 48 + 53 = 3*f - r, 5*f - 172 = -2*r. Suppose -107*g = -97*g - 1010. What is the remainder when g is divided by f?
33
Suppose -31*w - 36 = -36*w + 34. What is the remainder when 2084 is divided by w?
12
Let w = -1180 + 831. Let d = w - -380. What is the remainder when d is divided by 8?
7
Let z(u) = 7*u - 10. Suppose 19*i - 14*i = 15. What is the remainder when 65 is divided by z(i)?
10
Let h be -3 + -9 + 48/8. Calculate the remainder when 346 is divided by 35*2 + 3 + h + 3.
66
Let p = 1147 - 519. What is the remainder when p is divided by (23/(-2) + -6)*(-1 + -1)?
33
Let v(u) = -u**3 - 42*u**2 - 115*u + 111. What is the remainder when 81 is divided by v(-39)?
15
Let o be (-440)/(-70) - -4*(-3)/42. What is the remainder when 8/o*12711/76 is divided by 7?
6
Let s be (27/9)/((-6)/(-14)). Suppose -343 + 1372 = s*c. Calculate the remainder when c is divided by 37.
36
Suppose 784*v + 24 = 788*v. Suppose 5*g = 3*o - 0*o + 117, g - 2*o = 29. Suppose g = 9*a - v*a. What is the remainder when 13 is divided by a?
6
Let r = 30 - 16. Suppose -o + 30 - 7 = -3*p, 3*p + 7 = -o. What is the remainder when 57 - o/(16/6) is divided by r?
12
Suppose -30*x + 414 = -546. Suppose 0 = -5*k + 5*l + 470, -3*k = -4*l - 64 - 220. What is the remainder when k is divided by x?
28
Let p = 3444 - 3422. Calculate the remainder when 93 is divided by p.
5
Let y(u) = 174*u**2 - 14*u - 12. What is the remainder when 1118 is divided by y(-1)?
62
Calculate the remainder when 2388 is divided by (456/(-28))/(4*1/(-42)).
165
Suppose -260 = -10*g - 0*g. Suppose 0 = -m - 3 - 1, -m = 2*u - g. Let t(k) = k**3 + 2*k**2 - 4*k. Calculate the remainder when u is divided 